 a(q) = 12*q**2 + 25*q + 84. Give a(0).
84
Let r(o) = -740*o - 108782. What is r(-147)?
-2
Let v(y) = -4*y**2 - 201*y - 79. Determine v(-51).
-232
Let y(g) = -g**2 + 59*g - 59. Calculate y(1).
-1
Let v(s) = 483*s - 1649. Calculate v(4).
283
Let m(j) = 2*j**2 - 15*j. Calculate m(9).
27
Let i(r) = 5*r - 27. Determine i(-8).
-67
Let g(m) = 171*m**3 + m**2 + 57*m - 58. Calculate g(1).
171
Let s(d) = -12*d**2 + 108*d + 27. Determine s(4).
267
Let v(m) = -2*m**3 - 32*m**2 + 52*m - 21. Determine v(-17).
-327
Let j(y) = -y**2 + 52*y + 168. Give j(55).
3
Let f(t) = -28*t**3 + 17*t**2 + 19*t + 4. What is f(-1)?
30
Let c(u) = -u**3 + 5*u**2 - 16*u - 36. Calculate c(9).
-504
Let c(n) = n**2 + 27*n - 135. Determine c(-41).
439
Let v(u) = -56*u**3 + 6*u**2 + 12*u + 5. Give v(-1).
55
Let o(y) = y**2 + 516*y - 2084. What is o(4)?
-4
Let f(z) = 22*z + 373. Determine f(-16).
21
Let h(w) = -10*w**3 - 2*w**2 + 33*w + 36. What is h(-1)?
11
Let j(q) = -q**3 - 15*q**2 - 19*q - 131. What is j(-14)?
-61
Let v(c) = -46*c**2 + 7*c + 15. Give v(-1).
-38
Let f(c) = c**3 + 28*c**2 + 11*c + 15. What is f(-28)?
-293
Let o(m) = 2*m**3 - 13*m**2 + 13*m - 5. Give o(5).
-15
Let j(s) = 268*s + 1191. Give j(-6).
-417
Let m(y) = -33*y + 152. Give m(6).
-46
Let s(n) = -n**2 - 378*n - 1153. Calculate s(-3).
-28
Let b(i) = 526*i - 564. What is b(1)?
-38
Let u(t) = -13*t**2 + 16*t + 66. Determine u(-3).
-99
Let a(q) = 2*q**2 - 29*q + 27. What is a(6)?
-75
Let r(y) = -2*y**3 + 42*y**2 - 79*y + 47. Calculate r(19).
-10
Let p(m) = m**3 - 8*m**2 - 9*m - 8. What is p(9)?
-8
Let n(f) = 4122*f - 12357. What is n(3)?
9
Let u(t) = -520*t - 28. Give u(1).
-548
Let f(s) = 3*s**2 - 1560*s + 3114. Determine f(2).
6
Let n(k) = 9*k + 51. What is n(-21)?
-138
Let s(r) = -r**3 + 22*r**2 - 33*r + 719. Give s(22).
-7
Let g(v) = 1195*v + 5956. What is g(-5)?
-19
Let x(f) = f**3 - 7*f**2 - 42*f - 22. Calculate x(11).
0
Let s(p) = -p**3 - 171*p**2 + 1244*p + 8. What is s(7)?
-6
Let t(c) = c**3 - 7*c**2 - 9*c + 82. Determine t(7).
19
Let h(f) = -23*f - 66. Give h(-5).
49
Let r(t) = -39*t**2 - 9*t + 4. Give r(1).
-44
Let l(i) = -i**2 + 50*i + 754. Calculate l(53).
595
Let j(n) = -3*n**2 - 3*n + 10. Determine j(5).
-80
Let l(s) = -4*s**3 - 18*s**2 - 10*s - 14. Determine l(-5).
86
Let m(o) = -o**2 - 24*o + 1462. Calculate m(-52).
6
Let r(w) = w**3 - 16*w**2 - 25*w + 59. Give r(18).
257
Let t(z) = -3*z**3 - 2*z**2 + 61*z + 143. What is t(-3)?
23
Let m(v) = -2*v**3 - 148*v**2 + 152*v + 206. Determine m(-75).
56
Let j(t) = t**3 - 22*t**2 + 121*t + 2. Calculate j(9).
38
Let c(v) = -v**2 + 175*v + 4720. Give c(-24).
-56
Let s(k) = -k - 58. Give s(-10).
-48
Let a(b) = -b**3 + 32*b**2 - 34*b + 16. Give a(31).
-77
Let q(k) = -25*k**3 + 72*k**2 + 4*k - 7. Calculate q(3).
-22
Let x(k) = -k**3 - 13*k**2 + 14*k - 9. Determine x(-14).
-9
Let q(u) = -2*u**3 - 3*u + 264. What is q(0)?
264
Let w(d) = -7*d**2 - 8*d - 6. Calculate w(3).
-93
Let h(c) = -17*c**3 - 7*c**2 - 3*c - 2. What is h(-1)?
11
Let h(u) = -4*u**2 + 7*u + 9. Give h(-7).
-236
Let f(s) = 123*s - 10956. Calculate f(89).
-9
Let t(d) = 208*d + 7114. Determine t(-34).
42
Let t(q) = -q**3 + 4*q**2 + 17*q + 23. What is t(-2)?
13
Let x(s) = 27*s - 683. Calculate x(24).
-35
Let m(r) = -12*r**2 + 818*r - 93. Calculate m(68).
43
Let y(w) = -w**2 - 2*w + 26. Determine y(-9).
-37
Let b(s) = -24*s - 78. What is b(0)?
-78
Let l(y) = 3*y**3 + 195*y**2 + 5*y + 356. Give l(-65).
31
Let h(f) = -4*f**3 - 15*f**2 - 23*f - 47. Determine h(-3).
-5
Let v(b) = -31*b - 185. Calculate v(-6).
1
Let y(a) = 2*a**3 + 14*a**2 + 54*a + 397. What is y(-7)?
19
Let f(y) = y**3 + 34*y**2 + 4*y + 5920. What is f(-38)?
-8
Let c(y) = y**3 - 13*y**2 - 98*y + 540. What is c(17)?
30
Let d(o) = -4*o**2 + 73*o + 2. Determine d(2).
132
Let s(f) = -f**3 - 55*f**2 + 885*f + 74. Determine s(-68).
6
Let c(f) = -f**2 + 40*f + 448. Calculate c(-7).
119
Let f(a) = a**3 + 3*a**2 - 872*a - 35. What is f(28)?
-147
Let l(q) = 158*q + 5683. Calculate l(-36).
-5
Let j(f) = 14*f - 66. Give j(-5).
-136
Let m(h) = 186*h + 16. Calculate m(0).
16
Let k(m) = 2*m**3 - 76*m**2 + 72*m + 35. Give k(37).
-39
Let t(m) = 346*m - 997. What is t(3)?
41
Let t(s) = 15*s**2 - 192*s - 29. Give t(13).
10
Let v(f) = 104*f + 1097. Determine v(-11).
-47
Let o(a) = 2*a**2 - 72*a + 70. Determine o(1).
0
Let j(z) = 21*z - 209. What is j(7)?
-62
Let i(g) = -13*g + 51. What is i(-12)?
207
Let i(t) = -894*t + 14385. Give i(16).
81
Let t(a) = a**2 - 119*a - 8274. Determine t(168).
-42
Let i(n) = 11*n**2 - 8*n. Calculate i(5).
235
Let l(p) = -2*p**2 - 34*p - 145. Calculate l(-8).
-1
Let n(a) = -46*a - 1054. Give n(-23).
4
Let x(q) = q**2 + 61*q - 4965. Give x(46).
-43
Let a(b) = -b**2 + 212*b + 636. Determine a(-3).
-9
Let y(l) = l**3 + 4*l**2 - 4*l - 3. Determine y(-6).
-51
Let u(r) = r**3 + 12*r**2 + 11*r + 55. What is u(-14)?
-491
Let x(u) = -123*u**2 - 490*u. What is x(-4)?
-8
Let w(y) = y**3 - 9*y**2 - 65*y + 240. Give w(4).
-100
Let y(o) = 934*o - 9344. Determine y(10).
-4
Let g(k) = -5*k**2 + 10*k - 37. Calculate g(5).
-112
Let i(h) = 8*h - 696. What is i(-6)?
-744
Let x(y) = 4*y**2 + 77*y + 181. What is x(-19)?
162
Let p(t) = -t**3 - 9*t**2 + 90*t + 13. Determine p(-15).
13
Let c(k) = 3*k - 89. What is c(-14)?
-131
Let h(f) = -3*f - 80. Give h(8).
-104
Let o(l) = -11*l - 380. Calculate o(-31).
-39
Let i(m) = -m**3 - 6*m**2 - 301*m - 1815. Give i(-6).
-9
Let y(r) = r**2 - 201*r + 1840. Give y(10).
-70
Let b(n) = -5*n**2 - 52*n + 18. Give b(-12).
-78
Let i(y) = -3*y**3 - 13*y**2 + 19*y + 138. Give i(-3).
45
Let z(q) = 4345*q + 4341. Calculate z(-1).
-4
Let y(v) = -v**2 + 796*v - 10188. What is y(13)?
-9
Let a(q) = 12*q - 636. Calculate a(9).
-528
Let c(r) = -2*r - 517. Determine c(-7).
-503
Let l(h) = -15*h + 108. What is l(10)?
-42
Let f(x) = -55*x - 1454. Give f(-26).
-24
Let w(f) = 2*f**2 - 122*f + 344. What is w(7)?
-412
Let i(j) = -31*j**2 + 87*j + 6. What is i(3)?
-12
Let c(j) = 3*j**3 - 9*j**2 + 235*j - 710. What is c(3)?
-5
Let q(v) = 1530*v**2 + 10709*v + 4. What is q(-7)?
11
Let f(r) = -r**3 - 21*r**2 + 50*r + 98. Calculate f(-23).
6
Let x(p) = -p**3 + 22*p**2 + 6. Calculate x(22).
6
Let f(j) = -j**3 + 6*j**2 - 5*j + 20. What is f(5)?
20
Let m(c) = 2*c**2 - 15*c - 7. Calculate m(7).
-14
Let l(u) = 1741*u - 43523. Calculate l(25).
2
Let j(d) = 32*d - 204. Give j(6).
-12
Let d(f) = -2*f**2 + 86*f - 560. Determine d(8).
0
Let i(o) = -o**2 + 77*o + 227. Determine i(80).
-13
Let v(r) = r**2 + 32*r + 249. Determine v(-18).
-3
Let l(j) = j**3 + 28*j**2 - 35*j - 202. What is l(-29)?
-28
Let c(x) = -24*x**2 + 483*x - 2059. Give c(14).
-1
Let j(c) = c**2 - 13*c + 81. Calculate j(11).
59
Let w(g) = -g**3 + 18*g**2 - 23*g - 24. Give w(16).
120
Let t(r) = 3*r**2 - 12*r + 13. What is t(10)?
193
Let s(b) = b**3 - 135*b + 265. Calculate s(2).
3
Let z(m) = -m**3 + 257*m**2 - 7012*m + 1348. Give z(226).
-8
Let w(z) = z**3 - 37*z**2 + 5*z + 931. Calculate w(36).
-185
Let w(v) = 51*v + 132. Calculate w(-2).
30
Let z(m) = m**2 - 38*m - 157. Give z(46).
211
Let z(b) = -18*b - 697. What is z(-43)?
77
Let w(q) = -30*q - 257. Calculate w(-11).
73
Let y(b) = -42*b - 5. Determine y(-1).
37
Let j(b) = 1309*b - 1187. What is j(1)?
122
Let d(p) = 2137*p + 34215. Determine d(-16).
23
Let h(z) = -z**3 + 103*z**2 + 198*z + 1235. Determine h(105).
-25
Let m(k) = 11*k**2 - 16*k + 12. Calculate m(4).
124
Let t(i) = -24*i**2 - 159*i + 699. Give t(3).
6
Let j(c) = -17*c**2 - 81*c + 268. Give j(-7).
2
Let u(z) = 3*z**2 - 12*z - 3. What is u(7)?
60
Let j(x) = -x**2 + 35*x - 26. Calculate j(29).
148
Let k(n) = -7*n**2 + 53*n + 108. Determine k(9).
18
Let u(l) = -l**3 + 12*l**2 - 14*l - 54. What is u(9)?
63
Let v(y) = -y**3 - 12*y**2 - 36*y - 13. Give v(-7).
-6
Let g(m) = 3*m**2 - 70*m + 341. Determine g(8).
-27
Let v(z) = z**2 + 10*z - 172. Determine v(17).
287
Let p(m) = m**3 - 38*m**2 - 174*m + 43. Determine p(42).
-209
Let c(w) = -w**2 + 92*w + 285. Determine c(-3).
0
Let c(j) = j**2 - 41*j - 393. What is c(49)?
-1
Let d(n) = n**2 - 52*n + 158. Determine d(48).
-34
Let q(y) = -19*y - 122. Give q(-4).
-46
Let l(h) = 22*h + 167. Calculate l(-7).
13
Let h(w) = w**3 + 117*w**2 + 239*w + 1096. Calculate h(-115).
61
Let i(k) = 7*k + 671. Determine i(-35).
426
Let w(l) = 1